{"id":2,"date":"2017-09-20T08:18:25","date_gmt":"2017-09-20T08:18:25","guid":{"rendered":"http:\/\/tegus.visla.cz\/?page_id=2"},"modified":"2023-07-27T22:53:03","modified_gmt":"2023-07-27T20:53:03","slug":"home-1-2","status":"publish","type":"page","link":"https:\/\/tegus.cz\/","title":{"rendered":"Home 1"},"content":{"rendered":"<p>[vc_row][vc_column][rev_slider_vc alias=&#8221;slider-1&#8243;][\/vc_column][\/vc_row][vc_row full_width=&#8221;stretch_row&#8221; hide_bg_image_on_tablet=&#8221;&#8221; hide_bg_image_on_mobile=&#8221;&#8221; css=&#8221;.vc_custom_1690408805979{background-color: #e8e8e8 !important;}&#8221;][vc_column icons_position=&#8221;left&#8221;][vc_empty_space alter_height=&#8221;medium&#8221; hide_on_desktop=&#8221;&#8221; hide_on_notebook=&#8221;&#8221; hide_on_tablet=&#8221;&#8221; hide_on_mobile=&#8221;&#8221; css=&#8221;.vc_custom_1514214147814{margin-bottom: -0.9rem !important;}&#8221;]<div id=\"sc_services_1657732813\" class=\"sc_services color_style_default sc_services_hovers sc_services_featured_top  vc_custom_1690491180288 sc_services_popup sc_post_details_popup\"><h3 class=\"sc_item_title sc_services_title sc_align_center sc_item_title_style_default\">Spolehliv\u00e9 produkty pro n\u00e1ro\u010dn\u00e9 z\u00e1kazn\u00edky<\/h3><div class=\"sc_services_columns_wrap sc_item_columns sc_item_columns_3 trx_addons_columns_wrap columns_padding_bottom no_margin\"><div class=\"trx_addons_column-1_3\"><div class=\"sc_services_item with_content with_icon sc_services_item_featured_top\" data-post_id=\"307\" data-post_type=\"cpt_services\">\n\t<div class=\"post_featured with_thumb hover_dots sc_services_item_thumb\"><img loading=\"lazy\" decoding=\"async\" width=\"392\" height=\"126\" src=\"https:\/\/tegus.cz\/wp-content\/uploads\/2017\/09\/industry-392x126.jpg\" class=\"attachment-militarology-thumb-wider size-militarology-thumb-wider wp-post-image\" alt=\"\" \/><div class=\"mask\"><\/div><a href=\"https:\/\/tegus.cz\/index.php\/services\/prumysl\/\" aria-hidden=\"true\" class=\"icons\"><span><\/span><span><\/span><span><\/span><\/a><\/div><a href=\"https:\/\/tegus.cz\/index.php\/services\/prumysl\/\">\t\n\t<div class=\"sc_services_item_info\">\n\t\t<div class=\"sc_services_item_header\">\n\t\t\t<h3 class=\"sc_services_item_title\"><span\n                         id=\"sc_services_1657732813_icon-cogs_1\"\n                    class=\"sc_services_item_icon icon-cogs\"><\/span><span class=\"title-text\">Pr\u016fmysl<\/span><\/h3>\n\t\t<\/div>\n\t<\/div>\n    <\/a>\n<\/div>\n<\/div><div class=\"trx_addons_column-1_3\"><div class=\"sc_services_item with_content with_icon sc_services_item_featured_top\" data-post_id=\"306\" data-post_type=\"cpt_services\">\n\t<div class=\"post_featured with_thumb hover_dots sc_services_item_thumb\"><img loading=\"lazy\" decoding=\"async\" width=\"392\" height=\"126\" src=\"https:\/\/tegus.cz\/wp-content\/uploads\/2022\/11\/foto-392x126.jpg\" class=\"attachment-militarology-thumb-wider size-militarology-thumb-wider wp-post-image\" alt=\"\" \/><div class=\"mask\"><\/div><a href=\"https:\/\/tegus.cz\/index.php\/services\/army\/\" aria-hidden=\"true\" class=\"icons\"><span><\/span><span><\/span><span><\/span><\/a><\/div><a href=\"https:\/\/tegus.cz\/index.php\/services\/army\/\">\t\n\t<div class=\"sc_services_item_info\">\n\t\t<div class=\"sc_services_item_header\">\n\t\t\t<h3 class=\"sc_services_item_title\"><span\n                         id=\"sc_services_1657732813_icon-untitled-7_2\"\n                    class=\"sc_services_item_icon icon-untitled-7\"><\/span><span class=\"title-text\">Arm\u00e1da<\/span><\/h3>\n\t\t<\/div>\n\t<\/div>\n    <\/a>\n<\/div>\n<\/div><div class=\"trx_addons_column-1_3\"><div class=\"sc_services_item with_content with_icon sc_services_item_featured_top\" data-post_id=\"6035\" data-post_type=\"cpt_services\">\n\t<div class=\"post_featured with_thumb hover_dots sc_services_item_thumb\"><img loading=\"lazy\" decoding=\"async\" width=\"392\" height=\"126\" src=\"https:\/\/tegus.cz\/wp-content\/uploads\/2022\/11\/hobby-392x126.jpg\" class=\"attachment-militarology-thumb-wider size-militarology-thumb-wider wp-post-image\" alt=\"\" \/><div class=\"mask\"><\/div><a href=\"https:\/\/tegus.cz\/index.php\/services\/hobby\/\" aria-hidden=\"true\" class=\"icons\"><span><\/span><span><\/span><span><\/span><\/a><\/div><a href=\"https:\/\/tegus.cz\/index.php\/services\/hobby\/\">\t\n\t<div class=\"sc_services_item_info\">\n\t\t<div class=\"sc_services_item_header\">\n\t\t\t<h3 class=\"sc_services_item_title\"><span\n                         id=\"sc_services_1657732813_icon-home-2_3\"\n                    class=\"sc_services_item_icon icon-home-2\"><\/span><span class=\"title-text\">Hobby<\/span><\/h3>\n\t\t<\/div>\n\t<\/div>\n    <\/a>\n<\/div>\n<\/div><\/div><\/div><!-- \/.sc_services -->[vc_empty_space alter_height=&#8221;medium&#8221; hide_on_desktop=&#8221;&#8221; hide_on_notebook=&#8221;&#8221; hide_on_tablet=&#8221;&#8221; hide_on_mobile=&#8221;&#8221; css=&#8221;.vc_custom_1514214147814{margin-bottom: -0.9rem !important;}&#8221;][vc_empty_space alter_height=&#8221;medium&#8221; hide_on_desktop=&#8221;&#8221; hide_on_notebook=&#8221;&#8221; hide_on_tablet=&#8221;&#8221; hide_on_mobile=&#8221;&#8221; css=&#8221;.vc_custom_1514214147814{margin-bottom: -0.9rem !important;}&#8221;][\/vc_column][\/vc_row][vc_row full_width=&#8221;stretch_row_content_no_spaces&#8221; hide_bg_image_on_tablet=&#8221;&#8221; hide_bg_image_on_mobile=&#8221;&#8221; css=&#8221;.vc_custom_1672916275108{background: #1b181a url(http:\/\/tegus.visla.cz\/wp-content\/uploads\/2023\/01\/homepage1-scaled.jpg?id=6235) !important;background-position: top left !important;}&#8221;][vc_column icons_position=&#8221;left&#8221;][vc_empty_space alter_height=&#8221;huge&#8221; hide_on_desktop=&#8221;&#8221; hide_on_notebook=&#8221;&#8221; hide_on_tablet=&#8221;&#8221; hide_on_mobile=&#8221;&#8221; css=&#8221;.vc_custom_1514215744021{margin-top: -1rem !important;}&#8221;]<div id=\"sc_content_829651548\"\n\t\tclass=\"sc_content color_style_default sc_content_default sc_content_width_1_1 sc_float_center\"><div class=\"sc_content_container\">[vc_row_inner][vc_column_inner width=&#8221;1\/2&#8243; fix_column=&#8221;&#8221; hide_bg_image_on_tablet=&#8221;&#8221; hide_bg_image_on_mobile=&#8221;&#8221; icons_position=&#8221;left&#8221; css=&#8221;.vc_custom_1690408517017{background-color: #e8e8e8 !important;}&#8221;]<div id=\"sc_content_1465985973\"\n\t\tclass=\"sc_content color_style_default color_style_default sc_content_default sc_float_center sc_padding_medium\"><div class=\"sc_content_container\"><div id=\"sc_title_980465508\"\n\t\tclass=\"sc_title color_style_default sc_title_default\"><h3 class=\"sc_item_title sc_title_title sc_align_left sc_item_title_style_default sc_item_title_tag\">Mobiln\u00ed aplikace pro sluch\u00e1tka 3M Peltor<\/h3><\/div><!-- \/.sc_title --><\/div><\/div><!-- \/.sc_content --><div id=\"widget_video_398177659\" class=\"widget_area sc_widget_video vc_widget_video wpb_content_element\"><aside id=\"widget_video_398177659_widget\" class=\"widget widget_video\"><div id=\"sc_video_558135444\" class=\"trx_addons_video_player with_cover hover_play\"><img loading=\"lazy\" decoding=\"async\" src=\"https:\/\/tegus.cz\/wp-content\/uploads\/2023\/01\/Peltor112.jpg\" alt=\"\" width=\"570\" height=\"331\"><div class=\"video_mask\"><\/div><div class=\"video_hover\" data-video=\"&lt;iframe title=&quot;New Bluetooth\u00ae Headset comes with a mobile app -3M\u2122 PELTOR\u2122 WS\u2122 ALERT\u2122 XPI Headset&quot; width=&quot;1170&quot; height=&quot;658&quot; src=&quot;https:\/\/www.youtube.com\/embed\/ByYpGqg6Kvk?feature=oembed&amp;autoplay=1&quot; frameborder=&quot;0&quot; allow=&quot;accelerometer; autoplay; clipboard-write; encrypted-media; gyroscope; picture-in-picture; web-share&quot; allowfullscreen&gt;&lt;\/iframe&gt;\"><\/div><div class=\"video_embed video_frame\"><\/div><\/div><\/aside><\/div>[\/vc_column_inner][vc_column_inner width=&#8221;1\/12&#8243; icons_position=&#8221;left&#8221;][\/vc_column_inner][vc_column_inner width=&#8221;5\/12&#8243;]<div id=\"sc_content_89450238\"\n\t\tclass=\"sc_content color_style_default color_style_default sc_content_default sc_float_center sc_padding_medium  vc_custom_1690408484183\"><div class=\"sc_content_container\">[vc_column_text]<\/p>\n<h4 class=\"sc_item_title sc_title_title sc_align_left sc_item_title_style_default sc_item_title_tag\" style=\"text-align: left;\">Zvy\u0161te \u00farove\u0148 sluchu V\u00e1s i Va\u0161ich zam\u011bstnanc\u016f d\u00edky individu\u00e1ln\u011b navr\u017een\u00e9mu p\u0159\u00edstupu k problematice ochrany sluchu<\/h4>\n<p>[\/vc_column_text]<\/div><\/div><!-- \/.sc_content -->[\/vc_column_inner][\/vc_row_inner]<\/div><\/div><!-- \/.sc_content -->[\/vc_column][\/vc_row][vc_row full_width=&#8221;stretch_row&#8221; scheme=&#8221;dark&#8221; hide_bg_image_on_tablet=&#8221;&#8221; hide_bg_image_on_mobile=&#8221;&#8221; row_delimiter=&#8221;&#8221; hide_on_desktop=&#8221;&#8221; hide_on_notebook=&#8221;&#8221; hide_on_tablet=&#8221;&#8221; hide_on_mobile=&#8221;&#8221; hide_on_frontpage=&#8221;&#8221; css=&#8221;.vc_custom_1690490979342{background-color: #352f2e !important;}&#8221;][vc_column icons_position=&#8221;left&#8221;][vc_empty_space alter_height=&#8221;huge&#8221; hide_on_desktop=&#8221;&#8221; hide_on_notebook=&#8221;&#8221; hide_on_tablet=&#8221;&#8221; hide_on_mobile=&#8221;&#8221; css=&#8221;.vc_custom_1514215744021{margin-top: -1rem !important;}&#8221;]<div id=\"sc_services_756362814\" class=\"sc_services color_style_default sc_services_hovers sc_services_featured_top  vc_custom_1690490886200 sc_services_popup sc_post_details_popup\"><div class=\"sc_services_columns_wrap sc_item_columns sc_item_columns_3 trx_addons_columns_wrap columns_padding_bottom\"><div class=\"trx_addons_column-1_3\"><div class=\"sc_services_item with_content with_image sc_services_item_featured_top\" data-post_id=\"6013\" data-post_type=\"cpt_services\">\n\t<div class=\"post_featured with_thumb hover_dots sc_services_item_thumb\"><img loading=\"lazy\" decoding=\"async\" width=\"370\" height=\"215\" src=\"https:\/\/tegus.cz\/wp-content\/uploads\/2022\/11\/sluch1-370x215.jpg\" class=\"attachment-militarology-thumb-med size-militarology-thumb-med wp-post-image\" alt=\"\" \/><div class=\"mask\"><\/div><a href=\"https:\/\/tegus.cz\/index.php\/services\/sluchatka\/\" aria-hidden=\"true\" class=\"icons\"><span><\/span><span><\/span><span><\/span><\/a><\/div><a href=\"https:\/\/tegus.cz\/index.php\/services\/sluchatka\/\">\t\n\t<div class=\"sc_services_item_info\">\n\t\t<div class=\"sc_services_item_header\">\n\t\t\t<h3 class=\"sc_services_item_title\"><span class=\"title-text\">Ochrana sluchu<\/span><\/h3>\n\t\t<\/div>\n\t<\/div>\n    <\/a>\n<\/div>\n<\/div><div class=\"trx_addons_column-1_3\"><div class=\"sc_services_item with_content with_image sc_services_item_featured_top\" data-post_id=\"6017\" data-post_type=\"cpt_services\">\n\t<div class=\"post_featured with_thumb hover_dots sc_services_item_thumb\"><img loading=\"lazy\" decoding=\"async\" width=\"370\" height=\"215\" src=\"https:\/\/tegus.cz\/wp-content\/uploads\/2022\/11\/hlava-370x215.jpg\" class=\"attachment-militarology-thumb-med size-militarology-thumb-med wp-post-image\" alt=\"\" \/><div class=\"mask\"><\/div><a href=\"https:\/\/tegus.cz\/index.php\/services\/ochrana-hlavy\/\" aria-hidden=\"true\" class=\"icons\"><span><\/span><span><\/span><span><\/span><\/a><\/div><a href=\"https:\/\/tegus.cz\/index.php\/services\/ochrana-hlavy\/\">\t\n\t<div class=\"sc_services_item_info\">\n\t\t<div class=\"sc_services_item_header\">\n\t\t\t<h3 class=\"sc_services_item_title\"><span class=\"title-text\">Ochrana hlavy<\/span><\/h3>\n\t\t<\/div>\n\t<\/div>\n    <\/a>\n<\/div>\n<\/div><div class=\"trx_addons_column-1_3\"><div class=\"sc_services_item with_content with_image sc_services_item_featured_top\" data-post_id=\"6025\" data-post_type=\"cpt_services\">\n\t<div class=\"post_featured with_thumb hover_dots sc_services_item_thumb\"><img loading=\"lazy\" decoding=\"async\" width=\"370\" height=\"215\" src=\"https:\/\/tegus.cz\/wp-content\/uploads\/2022\/11\/zrak1-370x215.jpg\" class=\"attachment-militarology-thumb-med size-militarology-thumb-med wp-post-image\" alt=\"\" \/><div class=\"mask\"><\/div><a href=\"https:\/\/tegus.cz\/index.php\/services\/ochrana-zraku\/\" aria-hidden=\"true\" class=\"icons\"><span><\/span><span><\/span><span><\/span><\/a><\/div><a href=\"https:\/\/tegus.cz\/index.php\/services\/ochrana-zraku\/\">\t\n\t<div class=\"sc_services_item_info\">\n\t\t<div class=\"sc_services_item_header\">\n\t\t\t<h3 class=\"sc_services_item_title\"><span class=\"title-text\">Ochrana zraku<\/span><\/h3>\n\t\t<\/div>\n\t<\/div>\n    <\/a>\n<\/div>\n<\/div><\/div><\/div><!-- \/.sc_services --><div id=\"sc_services_1236252100\" class=\"sc_services color_style_default scheme_default sc_services_hovers sc_services_featured_top  vc_custom_1690490926771 sc_services_popup sc_post_details_popup\"><div class=\"sc_services_columns_wrap sc_item_columns sc_item_columns_3 trx_addons_columns_wrap columns_padding_bottom no_margin\"><div class=\"trx_addons_column-1_3\"><div class=\"sc_services_item with_content with_image sc_services_item_featured_top\" data-post_id=\"6024\" data-post_type=\"cpt_services\">\n\t<div class=\"post_featured with_thumb hover_dots sc_services_item_thumb\"><img loading=\"lazy\" decoding=\"async\" width=\"370\" height=\"215\" src=\"https:\/\/tegus.cz\/wp-content\/uploads\/2022\/11\/respirator-370x215.jpg\" class=\"attachment-militarology-thumb-med size-militarology-thumb-med wp-post-image\" alt=\"\" \/><div class=\"mask\"><\/div><a href=\"https:\/\/tegus.cz\/index.php\/services\/resiratory-a-filtry\/\" aria-hidden=\"true\" class=\"icons\"><span><\/span><span><\/span><span><\/span><\/a><\/div><a href=\"https:\/\/tegus.cz\/index.php\/services\/resiratory-a-filtry\/\">\t\n\t<div class=\"sc_services_item_info\">\n\t\t<div class=\"sc_services_item_header\">\n\t\t\t<h3 class=\"sc_services_item_title\"><span class=\"title-text\">Respir\u00e1tory a filtry<\/span><\/h3>\n\t\t<\/div>\n\t<\/div>\n    <\/a>\n<\/div>\n<\/div><div class=\"trx_addons_column-1_3\"><div class=\"sc_services_item with_content with_image sc_services_item_featured_top\" data-post_id=\"324\" data-post_type=\"cpt_services\">\n\t<div class=\"post_featured with_thumb hover_dots sc_services_item_thumb\"><img loading=\"lazy\" decoding=\"async\" width=\"370\" height=\"215\" src=\"https:\/\/tegus.cz\/wp-content\/uploads\/2023\/01\/komunikace01-370x215.jpg\" class=\"attachment-militarology-thumb-med size-militarology-thumb-med wp-post-image\" alt=\"\" \/><div class=\"mask\"><\/div><a href=\"https:\/\/tegus.cz\/index.php\/services\/radiokomunikace\/\" aria-hidden=\"true\" class=\"icons\"><span><\/span><span><\/span><span><\/span><\/a><\/div><a href=\"https:\/\/tegus.cz\/index.php\/services\/radiokomunikace\/\">\t\n\t<div class=\"sc_services_item_info\">\n\t\t<div class=\"sc_services_item_header\">\n\t\t\t<h3 class=\"sc_services_item_title\"><span class=\"title-text\">Radiokomunikace<\/span><\/h3>\n\t\t<\/div>\n\t<\/div>\n    <\/a>\n<\/div>\n<\/div><div class=\"trx_addons_column-1_3\"><div class=\"sc_services_item with_content with_image sc_services_item_featured_top\" data-post_id=\"6022\" data-post_type=\"cpt_services\">\n\t<div class=\"post_featured with_thumb hover_dots sc_services_item_thumb\"><img loading=\"lazy\" decoding=\"async\" width=\"370\" height=\"215\" src=\"https:\/\/tegus.cz\/wp-content\/uploads\/2022\/11\/armada-1-370x215.jpg\" class=\"attachment-militarology-thumb-med size-militarology-thumb-med wp-post-image\" alt=\"\" \/><div class=\"mask\"><\/div><a href=\"https:\/\/tegus.cz\/index.php\/services\/lepeni-rezani-a-brouseni\/\" aria-hidden=\"true\" class=\"icons\"><span><\/span><span><\/span><span><\/span><\/a><\/div><a href=\"https:\/\/tegus.cz\/index.php\/services\/lepeni-rezani-a-brouseni\/\">\t\n\t<div class=\"sc_services_item_info\">\n\t\t<div class=\"sc_services_item_header\">\n\t\t\t<h3 class=\"sc_services_item_title\"><span class=\"title-text\">P\u0159\u00edslu\u0161enstv\u00ed pro arm\u00e1du<\/span><\/h3>\n\t\t<\/div>\n\t<\/div>\n    <\/a>\n<\/div>\n<\/div><\/div><\/div><!-- \/.sc_services -->[vc_empty_space alter_height=&#8221;huge&#8221; hide_on_desktop=&#8221;&#8221; hide_on_notebook=&#8221;&#8221; hide_on_tablet=&#8221;&#8221; hide_on_mobile=&#8221;&#8221; css=&#8221;.vc_custom_1514216061104{margin-top: -0.6rem !important;}&#8221;][\/vc_column][\/vc_row][vc_row full_width=&#8221;stretch_row&#8221; hide_bg_image_on_tablet=&#8221;&#8221; hide_bg_image_on_mobile=&#8221;&#8221; css=&#8221;.vc_custom_1690404654046{background-image: url(http:\/\/tegus.cz\/wp-content\/uploads\/2023\/01\/homepage1-scaled.jpg?id=6235) !important;background-position: top left !important;background-repeat: no-repeat !important;background-size: cover !important;}&#8221;][vc_column icons_position=&#8221;left&#8221;][vc_empty_space alter_height=&#8221;huge&#8221; hide_on_desktop=&#8221;&#8221; hide_on_notebook=&#8221;&#8221; hide_on_tablet=&#8221;&#8221; hide_on_mobile=&#8221;&#8221;][\/vc_column][vc_column width=&#8221;1\/2&#8243; fix_column=&#8221;&#8221; hide_bg_image_on_tablet=&#8221;&#8221; hide_bg_image_on_mobile=&#8221;&#8221; icons_position=&#8221;left&#8221;]<div id=\"sc_title_1127073356\"\n\t\tclass=\"sc_title color_style_default scheme_dark sc_title_default\"><h3 class=\"sc_item_title sc_title_title sc_align_left sc_item_title_style_default\">Jak\u00e1koliv z\u00e1t\u011b\u017e na sluch m\u016f\u017ee m\u00edt velmi negativn\u00ed dopad na kvalitu sluchu<\/h3><\/div><!-- \/.sc_title -->[vc_empty_space alter_height=&#8221;medium&#8221; hide_on_desktop=&#8221;&#8221; hide_on_notebook=&#8221;&#8221; hide_on_tablet=&#8221;&#8221; hide_on_mobile=&#8221;&#8221; css=&#8221;.vc_custom_1513153830086{margin-bottom: -0.3rem !important;}&#8221;][\/vc_column][vc_column width=&#8221;1\/2&#8243; fix_column=&#8221;&#8221; hide_bg_image_on_tablet=&#8221;&#8221; hide_bg_image_on_mobile=&#8221;&#8221; icons_position=&#8221;left&#8221; css=&#8221;.vc_custom_1514216164806{padding-left: 2.65em !important;}&#8221;][vc_empty_space alter_height=&#8221;large&#8221; hide_on_desktop=&#8221;1&#8243; hide_on_notebook=&#8221;1&#8243; hide_on_tablet=&#8221;1&#8243; hide_on_mobile=&#8221;&#8221;]<div id=\"sc_content_1527221106\"\n\t\tclass=\"sc_content color_style_default sc_content_default sc_float_center  vc_custom_1513153513148\"><div class=\"sc_content_container\"><div id=\"widget_video_2111150635\" class=\"widget_area sc_widget_video vc_widget_video wpb_content_element\"><aside id=\"widget_video_2111150635_widget\" class=\"widget widget_video\"><div id=\"sc_video_708267427\" class=\"trx_addons_video_player with_cover hover_play\"><img loading=\"lazy\" decoding=\"async\" src=\"https:\/\/tegus.cz\/wp-content\/uploads\/2022\/11\/NIB_01-1.jpg\" alt=\"\" width=\"570\" height=\"331\"><div class=\"video_mask\"><\/div><div class=\"video_hover\" data-video=\"&lt;iframe title=&quot;3M\u2122 PELTOR\u2122 ComTac\u2122 VI NIB Headset&quot; width=&quot;1170&quot; height=&quot;658&quot; src=&quot;https:\/\/www.youtube.com\/embed\/yCX-DscEb4s?feature=oembed&amp;autoplay=1&quot; frameborder=&quot;0&quot; allow=&quot;accelerometer; autoplay; clipboard-write; encrypted-media; gyroscope; picture-in-picture; web-share&quot; allowfullscreen&gt;&lt;\/iframe&gt;\"><\/div><div class=\"video_embed video_frame\"><\/div><\/div><\/aside><\/div><\/div><\/div><!-- \/.sc_content -->[\/vc_column][\/vc_row]<\/p>\n","protected":false},"excerpt":{"rendered":"<p>[vc_row][vc_column][rev_slider_vc alias=&#8221;slider-1&#8243;][\/vc_column][\/vc_row][vc_row full_width=&#8221;stretch_row&#8221; hide_bg_image_on_tablet=&#8221;&#8221; hide_bg_image_on_mobile=&#8221;&#8221; css=&#8221;.vc_custom_1690408805979{background-color: #e8e8e8 !important;}&#8221;][vc_column icons_position=&#8221;left&#8221;][vc_empty_space alter_height=&#8221;medium&#8221; hide_on_desktop=&#8221;&#8221; hide_on_notebook=&#8221;&#8221; hide_on_tablet=&#8221;&#8221; hide_on_mobile=&#8221;&#8221; css=&#8221;.vc_custom_1514214147814{margin-bottom: -0.9rem !important;}&#8221;][vc_empty_space alter_height=&#8221;medium&#8221; hide_on_desktop=&#8221;&#8221; hide_on_notebook=&#8221;&#8221; hide_on_tablet=&#8221;&#8221; hide_on_mobile=&#8221;&#8221; css=&#8221;.vc_custom_1514214147814{margin-bottom: -0.9rem !important;}&#8221;][vc_empty_space alter_height=&#8221;medium&#8221; hide_on_desktop=&#8221;&#8221; hide_on_notebook=&#8221;&#8221; hide_on_tablet=&#8221;&#8221; hide_on_mobile=&#8221;&#8221; css=&#8221;.vc_custom_1514214147814{margin-bottom: -0.9rem !important;}&#8221;][\/vc_column][\/vc_row][vc_row full_width=&#8221;stretch_row_content_no_spaces&#8221; hide_bg_image_on_tablet=&#8221;&#8221; hide_bg_image_on_mobile=&#8221;&#8221; css=&#8221;.vc_custom_1672916275108{background: #1b181a url(http:\/\/tegus.visla.cz\/wp-content\/uploads\/2023\/01\/homepage1-scaled.jpg?id=6235) !important;background-position: top left !important;}&#8221;][vc_column icons_position=&#8221;left&#8221;][vc_empty_space alter_height=&#8221;huge&#8221; hide_on_desktop=&#8221;&#8221; hide_on_notebook=&#8221;&#8221; hide_on_tablet=&#8221;&#8221; hide_on_mobile=&#8221;&#8221; css=&#8221;.vc_custom_1514215744021{margin-top: -1rem !important;}&#8221;][\/vc_column][\/vc_row][vc_row full_width=&#8221;stretch_row&#8221; scheme=&#8221;dark&#8221; hide_bg_image_on_tablet=&#8221;&#8221; hide_bg_image_on_mobile=&#8221;&#8221; row_delimiter=&#8221;&#8221; hide_on_desktop=&#8221;&#8221; hide_on_notebook=&#8221;&#8221; hide_on_tablet=&#8221;&#8221;&hellip;<\/p>\n","protected":false},"author":1,"featured_media":0,"parent":0,"menu_order":0,"comment_status":"closed","ping_status":"open","template":"","meta":{"footnotes":""},"class_list":["post-2","page","type-page","status-publish","hentry"],"_links":{"self":[{"href":"https:\/\/tegus.cz\/index.php\/wp-json\/wp\/v2\/pages\/2","targetHints":{"allow":["GET"]}}],"collection":[{"href":"https:\/\/tegus.cz\/index.php\/wp-json\/wp\/v2\/pages"}],"about":[{"href":"https:\/\/tegus.cz\/index.php\/wp-json\/wp\/v2\/types\/page"}],"author":[{"embeddable":true,"href":"https:\/\/tegus.cz\/index.php\/wp-json\/wp\/v2\/users\/1"}],"replies":[{"embeddable":true,"href":"https:\/\/tegus.cz\/index.php\/wp-json\/wp\/v2\/comments?post=2"}],"version-history":[{"count":217,"href":"https:\/\/tegus.cz\/index.php\/wp-json\/wp\/v2\/pages\/2\/revisions"}],"predecessor-version":[{"id":6711,"href":"https:\/\/tegus.cz\/index.php\/wp-json\/wp\/v2\/pages\/2\/revisions\/6711"}],"wp:attachment":[{"href":"https:\/\/tegus.cz\/index.php\/wp-json\/wp\/v2\/media?parent=2"}],"curies":[{"name":"wp","href":"https:\/\/api.w.org\/{rel}","templated":true}]}}